{"id":14,"date":"2012-02-14T13:21:14","date_gmt":"2012-02-14T13:21:14","guid":{"rendered":"http:\/\/www.patrick-lecoq.fr\/savoie\/?page_id=14"},"modified":"2014-08-04T13:38:08","modified_gmt":"2014-08-04T13:38:08","slug":"agencement","status":"publish","type":"page","link":"https:\/\/www.patrick-lecoq.fr\/savoie\/nos-competences\/agencement\/","title":{"rendered":"Agencement"},"content":{"rendered":"<p><em><strong><a href=\"http:\/\/www.patrick-lecoq.fr\/savoie\/wp-content\/uploads\/2012\/02\/agencement-003.jpg\"><img loading=\"lazy\" decoding=\"async\" class=\"alignright size-medium wp-image-177\" title=\"Agencement int\u00e9rieur - Salon de particulier\" src=\"http:\/\/www.patrick-lecoq.fr\/savoie\/wp-content\/uploads\/2012\/02\/agencement-003-266x200.jpg\" alt=\"Agencement int\u00e9rieur - Salon de particulier\" width=\"266\" height=\"200\" srcset=\"https:\/\/www.patrick-lecoq.fr\/savoie\/wp-content\/uploads\/2012\/02\/agencement-003-266x200.jpg 266w, https:\/\/www.patrick-lecoq.fr\/savoie\/wp-content\/uploads\/2012\/02\/agencement-003-400x300.jpg 400w, https:\/\/www.patrick-lecoq.fr\/savoie\/wp-content\/uploads\/2012\/02\/agencement-003.jpg 800w\" sizes=\"auto, (max-width: 266px) 100vw, 266px\" \/><\/a><a title=\"Menuisier, agenceur en Savoie - Patrick Lecoq\" href=\"http:\/\/www.patrick-lecoq.fr\/savoie\/\">La menuiserie Patrick Lecoq situ\u00e9e \u00e0 S\u00e9ez pr\u00e8s de Bourg St Maurice<\/a><\/strong> con\u00e7oit et r\u00e9alise les <a title=\"Agencement neuf et r\u00e9novation en Savoie\" href=\"http:\/\/www.patrick-lecoq.fr\/savoie\/nos-competences\/\"><strong>travaux d&rsquo;agencement<\/strong><\/a> suivants :<\/em><\/p>\n<p><strong><span style=\"text-decoration: underline;\">Agencement<\/span> :<\/strong><\/p>\n<p style=\"padding-left: 30px;\">&#8211; Agencement sur b\u00e2timent ou logement neuf et r\u00e9novation totale ou partielle de votre appartement, maison, chalet.<br \/>\n&#8211; Conception et r\u00e9alisation de vos espaces de vie : cuisines \u00e9quip\u00e9es, chambres, douches et salles de bains, bureaux, biblioth\u00e8ques, placards, dressings, salons et lofts.<br \/>\n&#8211; Am\u00e9nagement int\u00e9rieur de restaurants, h\u00f4tels, boutiques, bureaux et espaces publics : mairies, offices de tourisme, \u00e9coles, mus\u00e9es, biblioth\u00e8ques, &#8230;<\/p>\n<p><strong><span style=\"text-decoration: underline;\"><a href=\"http:\/\/www.patrick-lecoq.fr\/savoie\/wp-content\/uploads\/2012\/02\/agencement-002.jpg\"><img loading=\"lazy\" decoding=\"async\" class=\"alignright size-medium wp-image-128\" title=\"Agencement int\u00e9rieur - Office de Tourisme de S\u00e9ez\" src=\"http:\/\/www.patrick-lecoq.fr\/savoie\/wp-content\/uploads\/2012\/02\/agencement-002-266x200.jpg\" alt=\"Agencement int\u00e9rieur - Office de Tourisme de S\u00e9ez en Savoie\" width=\"266\" height=\"200\" srcset=\"https:\/\/www.patrick-lecoq.fr\/savoie\/wp-content\/uploads\/2012\/02\/agencement-002-266x200.jpg 266w, https:\/\/www.patrick-lecoq.fr\/savoie\/wp-content\/uploads\/2012\/02\/agencement-002-400x300.jpg 400w, https:\/\/www.patrick-lecoq.fr\/savoie\/wp-content\/uploads\/2012\/02\/agencement-002.jpg 800w\" sizes=\"auto, (max-width: 266px) 100vw, 266px\" \/><\/a>Mobilier<\/span> :<\/strong><\/p>\n<p style=\"padding-left: 30px;\">&#8211; Fabrication de mobilier int\u00e9rieur dans tous les styles et essences de bois (bureaux, biblioth\u00e8ques, tables, lits, lits\/ponts, armoires, fabrications sp\u00e9ciales, &#8230;)<br \/>\n&#8211; Fabrication de mobilier ext\u00e9rieur (tables, banc, &#8230;)<\/p>\n<p><a href=\"http:\/\/www.patrick-lecoq.fr\/savoie\/nos-realisations\/\"><img loading=\"lazy\" decoding=\"async\" class=\"alignnone size-full wp-image-102\" style=\"border: 0pt none; margin: 0px;\" title=\"Voir plus de photos de menuiseries\" src=\"http:\/\/www.patrick-lecoq.fr\/savoie\/wp-content\/uploads\/2012\/02\/plus-de-photos.jpg\" alt=\"Voir plus de photos de menuiseries\" width=\"296\" height=\"79\" \/><\/a><\/p>\n<p><em>N&rsquo;h\u00e9sitez pas \u00e0 <a title=\"Nous contacter\" href=\"http:\/\/www.patrick-lecoq.fr\/savoie\/nous-contacter\/\">nous contacter<\/a> pour toutes questions ou demandes de devis.<\/em><\/p>\n","protected":false},"excerpt":{"rendered":"<p>La menuiserie Patrick Lecoq situ\u00e9e \u00e0 S\u00e9ez pr\u00e8s de Bourg St Maurice con\u00e7oit et r\u00e9alise les travaux d&rsquo;agencement suivants : Agencement : &#8211; Agencement sur b\u00e2timent ou logement neuf et r\u00e9novation totale ou partielle de votre appartement, maison, chalet. &#8211; &hellip; <a href=\"https:\/\/www.patrick-lecoq.fr\/savoie\/nos-competences\/agencement\/\">Lire la suite <span class=\"meta-nav\">&rarr;<\/span><\/a><\/p>\n","protected":false},"author":4,"featured_media":0,"parent":10,"menu_order":20,"comment_status":"closed","ping_status":"closed","template":"","meta":{"ngg_post_thumbnail":0,"footnotes":""},"class_list":["post-14","page","type-page","status-publish","hentry"],"_links":{"self":[{"href":"https:\/\/www.patrick-lecoq.fr\/savoie\/wp-json\/wp\/v2\/pages\/14","targetHints":{"allow":["GET"]}}],"collection":[{"href":"https:\/\/www.patrick-lecoq.fr\/savoie\/wp-json\/wp\/v2\/pages"}],"about":[{"href":"https:\/\/www.patrick-lecoq.fr\/savoie\/wp-json\/wp\/v2\/types\/page"}],"author":[{"embeddable":true,"href":"https:\/\/www.patrick-lecoq.fr\/savoie\/wp-json\/wp\/v2\/users\/4"}],"replies":[{"embeddable":true,"href":"https:\/\/www.patrick-lecoq.fr\/savoie\/wp-json\/wp\/v2\/comments?post=14"}],"version-history":[{"count":8,"href":"https:\/\/www.patrick-lecoq.fr\/savoie\/wp-json\/wp\/v2\/pages\/14\/revisions"}],"predecessor-version":[{"id":73,"href":"https:\/\/www.patrick-lecoq.fr\/savoie\/wp-json\/wp\/v2\/pages\/14\/revisions\/73"}],"up":[{"embeddable":true,"href":"https:\/\/www.patrick-lecoq.fr\/savoie\/wp-json\/wp\/v2\/pages\/10"}],"wp:attachment":[{"href":"https:\/\/www.patrick-lecoq.fr\/savoie\/wp-json\/wp\/v2\/media?parent=14"}],"curies":[{"name":"wp","href":"https:\/\/api.w.org\/{rel}","templated":true}]}}