{"id":18,"date":"2012-02-14T13:22:19","date_gmt":"2012-02-14T13:22:19","guid":{"rendered":"http:\/\/www.patrick-lecoq.fr\/savoie\/?page_id=18"},"modified":"2012-03-05T16:14:20","modified_gmt":"2012-03-05T16:14:20","slug":"nous-contacter","status":"publish","type":"page","link":"https:\/\/www.patrick-lecoq.fr\/savoie\/nous-contacter\/","title":{"rendered":"Nous contacter"},"content":{"rendered":"\n<div class=\"wpcf7 no-js\" id=\"wpcf7-f7-o1\" lang=\"en-US\" dir=\"ltr\" data-wpcf7-id=\"7\">\n<div class=\"screen-reader-response\"><p role=\"status\" aria-live=\"polite\" aria-atomic=\"true\"><\/p> <ul><\/ul><\/div>\n<form action=\"\/savoie\/wp-json\/wp\/v2\/pages\/18#wpcf7-f7-o1\" method=\"post\" class=\"wpcf7-form init\" aria-label=\"Contact form\" novalidate=\"novalidate\" data-status=\"init\">\n<div style=\"display: none;\">\n<input type=\"hidden\" name=\"_wpcf7\" value=\"7\" \/>\n<input type=\"hidden\" name=\"_wpcf7_version\" value=\"6.0.6\" \/>\n<input type=\"hidden\" name=\"_wpcf7_locale\" value=\"en_US\" \/>\n<input type=\"hidden\" name=\"_wpcf7_unit_tag\" value=\"wpcf7-f7-o1\" \/>\n<input type=\"hidden\" name=\"_wpcf7_container_post\" value=\"0\" \/>\n<input type=\"hidden\" name=\"_wpcf7_posted_data_hash\" value=\"\" \/>\n<input type=\"hidden\" name=\"_wpcf7_recaptcha_response\" value=\"\" \/>\n<\/div>\n<div style=\"margin: 0 45px 0 45px;\">\n\t<div style=\"float: right; text-align: right;\">\n\t\t<p style=\"color: red; \">* <em>Champs Obligatoires.<\/em>\n\t\t<\/p>\n\t\t<p><img decoding=\"async\" src=\"http:\/\/www.patrick-lecoq.fr\/savoie\/wp-content\/themes\/twentyeleven-lecoq\/images\/logo-lecoq-contact.jpg\" title=\"Menuiserie et agencement Patrick Lecoq en Savoie - Tarentaise\" alt=\"Menuiserie et agencement en Savoie : Patrick Lecoq \u00e0 Bourg Saint Maurice en Tarentaise\" \/><br \/>\n<strong>Menuiserie Patrick Lecoq<\/strong><br \/>\nZ.A. des Gli\u00e8res<br \/>\n3B rue des chardons<br \/>\n73700 SEEZ<br \/>\n(Tarentaise - Savoie)<br \/>\n<strong>T\u00e9l.<\/strong> : 04 79 41 07 92<br \/>\n<strong>Mobile<\/strong> : 06 25 49 21 55\n\t\t<\/p>\n\t<\/div>\n\t<p style=\"color: #c3180c; font-size: 14px; \">1\u00b0) Vous\n\t<\/p>\n\t<p style=\"text-align: left;\"><span class=\"wpcf7-form-control-wrap\" data-name=\"nom\"><input size=\"40\" maxlength=\"400\" class=\"wpcf7-form-control wpcf7-text wpcf7-validates-as-required\" aria-required=\"true\" aria-invalid=\"false\" placeholder=\"Nom *\" value=\"\" type=\"text\" name=\"nom\" \/><\/span>\n\t<\/p>\n\t<p style=\"text-align: left; \"><span class=\"wpcf7-form-control-wrap\" data-name=\"prenom\"><input size=\"40\" maxlength=\"400\" class=\"wpcf7-form-control wpcf7-text wpcf7-validates-as-required\" aria-required=\"true\" aria-invalid=\"false\" placeholder=\"Pr\u00e9nom *\" value=\"\" type=\"text\" name=\"prenom\" \/><\/span>\n\t<\/p>\n\t<p style=\"text-align: left; \"><span class=\"wpcf7-form-control-wrap\" data-name=\"tel\"><input size=\"16\" maxlength=\"400\" class=\"wpcf7-form-control wpcf7-text wpcf7-validates-as-required\" aria-required=\"true\" aria-invalid=\"false\" placeholder=\"T\u00e9l\u00e9phone *\" value=\"\" type=\"text\" name=\"tel\" \/><\/span>\n\t<\/p>\n\t<p style=\"text-align: left; \"><span class=\"wpcf7-form-control-wrap\" data-name=\"email\"><input size=\"24\" maxlength=\"400\" class=\"wpcf7-form-control wpcf7-email wpcf7-validates-as-required wpcf7-text wpcf7-validates-as-email\" aria-required=\"true\" aria-invalid=\"false\" placeholder=\"E-mail *\" value=\"\" type=\"email\" name=\"email\" \/><\/span>\n\t<\/p>\n\t<p style=\"color: #c3180c; font-size: 14px; \">2\u00b0) Votre demande\n\t<\/p>\n\t<p style=\"text-align: left; \"><span class=\"wpcf7-form-control-wrap\" data-name=\"commentaires\"><textarea cols=\"40\" rows=\"6\" maxlength=\"2000\" class=\"wpcf7-form-control wpcf7-textarea wpcf7-validates-as-required\" aria-required=\"true\" aria-invalid=\"false\" placeholder=\"Message *\" name=\"commentaires\"><\/textarea><\/span>\n\t<\/p>\n\t<p style=\"text-align: center; \"><input class=\"wpcf7-form-control wpcf7-submit has-spinner\" type=\"submit\" value=\"Envoyer\" \/>\n\t<\/p>\n\t<p style=\"text-align: left; font-style: italic;\"><br \/>\nConform\u00e9ment \u00e0 la loi Informatique et Libert\u00e9s du 6 janvier 1978, vous disposez d'un droit d'acc\u00e8s et de rectification des donn\u00e9es personnelles vous concernant. Seule notre soci\u00e9t\u00e9 est destinataire des informations que vous lui communiquez.\n\t<\/p>\n<\/div><div class=\"wpcf7-response-output\" aria-hidden=\"true\"><\/div>\n<\/form>\n<\/div>\n\n","protected":false},"excerpt":{"rendered":"","protected":false},"author":4,"featured_media":0,"parent":0,"menu_order":50,"comment_status":"closed","ping_status":"closed","template":"","meta":{"ngg_post_thumbnail":0,"footnotes":""},"class_list":["post-18","page","type-page","status-publish","hentry"],"_links":{"self":[{"href":"https:\/\/www.patrick-lecoq.fr\/savoie\/wp-json\/wp\/v2\/pages\/18","targetHints":{"allow":["GET"]}}],"collection":[{"href":"https:\/\/www.patrick-lecoq.fr\/savoie\/wp-json\/wp\/v2\/pages"}],"about":[{"href":"https:\/\/www.patrick-lecoq.fr\/savoie\/wp-json\/wp\/v2\/types\/page"}],"author":[{"embeddable":true,"href":"https:\/\/www.patrick-lecoq.fr\/savoie\/wp-json\/wp\/v2\/users\/4"}],"replies":[{"embeddable":true,"href":"https:\/\/www.patrick-lecoq.fr\/savoie\/wp-json\/wp\/v2\/comments?post=18"}],"version-history":[{"count":3,"href":"https:\/\/www.patrick-lecoq.fr\/savoie\/wp-json\/wp\/v2\/pages\/18\/revisions"}],"predecessor-version":[{"id":54,"href":"https:\/\/www.patrick-lecoq.fr\/savoie\/wp-json\/wp\/v2\/pages\/18\/revisions\/54"}],"wp:attachment":[{"href":"https:\/\/www.patrick-lecoq.fr\/savoie\/wp-json\/wp\/v2\/media?parent=18"}],"curies":[{"name":"wp","href":"https:\/\/api.w.org\/{rel}","templated":true}]}}